6*v = 199 + 25. Calculate the remainder when 62 is divided by v.
6
Suppose -5*p - 4 = -104. What is the remainder when 38 is divided by p?
18
Let l be (-2 - -2) + 6 + 7. Suppose 5*k + 248 = l*k. Calculate the remainder when 183 is divided by k.
28
Let u(o) = -6*o + 63. Calculate the remainder when u(6) is divided by 14.
13
Let u be (-10 + 3)/(2*2/40). Let l = -55 - u. What is the remainder when 38 is divided by l?
8
Let q(t) = t**3 + 11*t**2 + 4*t - 16. Calculate the remainder when q(-9) is divided by 7.
5
Let x = 291 - 242. What is the remainder when 195 is divided by x?
48
Suppose y = 6*y - 30. Let x be (51/(-45) + 10/75)*-4. Suppose -3*i = -x*c - 18, -5*c + 8*c + 1 = -4*i. Calculate the remainder when y is divided by i.
0
Suppose -3*v - x - 12 = 0, -16 = 9*v - 5*v - 3*x. What is the remainder when 53 is divided by v*7/((-14)/5)?
3
Let h(o) = -2*o**3 + 10*o**2 + 4*o - 23. What is the remainder when h(3) is divided by 1?
0
What is the remainder when 3729 is divided by (2 + (-180)/8)*(6 + -8)?
39
Let o(i) = -i + 11. Let w = 10 + -2. Let a be o(w). Suppose -36 = -2*j - a*f, 0*f = 3*j - 3*f - 24. Calculate the remainder when 33 is divided by j.
9
Let m(y) = -2*y**2 - 3*y + 14. Let j(w) = w**2 + w - 7. Let q(r) = 5*j(r) + 2*m(r). Let h = -131 - -136. Calculate the remainder when q(h) is divided by 8.
5
Let l = -51 - -37. Let j = 26 + l. What is the remainder when j is divided by 5?
2
Let z(p) be the second derivative of 7*p**3/6 - 5*p**2/2 - 15*p. What is the remainder when 90 is divided by z(4)?
21
Let u be (384/40)/(6/75). Let j = u + -117. What is the remainder when j is divided by 1?
0
Let o = -7 - -9. Let w(y) = 15*y**2 - 8*y + 3. Let k(v) = 16*v**2 - 7*v + 2. Let l(m) = 3*k(m) - 2*w(m). Calculate the remainder when l(o) is divided by 32.
30
Let b be -5 - (-1)/(2/8). Let m(y) = -4*y + 1. Let d be m(b). Suppose -4*w + 220 = -5*c, -3*w + 159 = -d*c - 6. Calculate the remainder when w is divided by 29.
26
Let y(u) = 5*u**2 + 3*u - 1. Let b be y(-3). Suppose 6 = 2*p, 2*w - 63 = -p - 2*p. Let v = b - w. What is the remainder when 26 is divided by v?
2
Let o(j) = -2*j - 11. Let y be o(-8). Suppose -y*a = -4*m + 25, 3*a - 36 = -3*m + a. Suppose -z = -3*z + m. Calculate the remainder when 12 is divided by z.
2
Suppose -u - 5 = 3*n, 3*n = -2*u - 1 - 3. Let c = u - -12. Let y = -74 - -112. What is the remainder when y is divided by c?
12
Suppose i = -2*i + 234. Suppose -i = -13*y + 10*y. Suppose -2*d + 0*d = -y. Calculate the remainder when 51 is divided by d.
12
Let t(y) = -y - 8. Suppose -v + 0*d - d = -14, -d = 3*v - 32. What is the remainder when v is divided by t(-12)?
1
Let s(r) = 595*r**2 + 16*r + 21. Let t(v) = -119*v**2 - 3*v - 4. Let w(o) = -2*s(o) - 11*t(o). Calculate the remainder when w(-1) is divided by 41.
38
Let p(a) = a**3 - 8*a**2 - 6*a - 3. Suppose 0 = -5*b - 3*u + 67, 3*b + 4*u - 30 = 8. What is the remainder when p(10) is divided by b?
11
Suppose 0 = -u + 10 - 6. Let a(m) = 6*m + 9*m**3 - 1 - 1 + 1 - u*m. Calculate the remainder when 28 is divided by a(1).
8
Let v = -57 + 68. Let k = v + 43. What is the remainder when k is divided by 11?
10
Let c = -257 - -410. What is the remainder when c is divided by 34?
17
Suppose -3*g - 2 = 2*n - g, -32 = 2*n - 4*g. Let y(m) = m**3 + 7*m**2 + 5*m - 5. What is the remainder when 2 is divided by y(n)?
0
Suppose -4*d + 3*k - k + 122 = 0, -k = 3*d - 99. Calculate the remainder when (-2)/7 + 7/((-98)/(-2202)) is divided by d.
29
Suppose l + 0 = -3. What is the remainder when 3/((-2)/114*l) is divided by 15?
12
Let g be (5/((-40)/(-36)))/((-9)/156). Let m = -20 - g. Let t(n) = -n + 21. What is the remainder when m is divided by t(-9)?
28
Let h = 17 - 2. Let x(a) = -1. Let i(v) = 2*v - 26. Let f(d) = i(d) + 3*x(d). What is the remainder when 2 is divided by f(h)?
0
Let s(n) = 17*n**2. Let r(p) = p**2 - 3*p + 3. Let w be r(2). What is the remainder when s(w) is divided by (16 + -1)*22/(-33)*-1?
7
Let m = -493 + 504. What is the remainder when 1121 is divided by m?
10
Let g = -2881 - -4168. Calculate the remainder when g is divided by 43.
40
Let h(p) = 25*p**2. Suppose 81 = 4*o - 111. Calculate the remainder when h(-1) is divided by 41/6 - (-8)/o.
4
Suppose 136 = -4*w + 3*z + 36, -w - 30 = -2*z. Let v = -19 - w. Suppose -2 = v*r - 14. What is the remainder when 7 is divided by r?
3
Suppose m - 8 = -z, -5*z + 8*z - 4*m - 52 = 0. Calculate the remainder when z is divided by 10/3 - (-4)/(-12).
0
Suppose -4*a + 35 = a. Suppose -49*g = -36*g - 533. Calculate the remainder when g is divided by a.
6
Let t be 4/22 + 72/88. Let g(v) = 17*v - 2. What is the remainder when 26 is divided by g(t)?
11
Suppose -22*q + 17*q = -v + 31, 184 = 4*v - 5*q. What is the remainder when 75 is divided by v?
24
What is the remainder when 15 is divided by 66/(-99)*(-10)/(-4)*-6?
5
Let l(t) = 105*t**2 + 2*t + 12. Calculate the remainder when l(4) is divided by 23.
21
Let u(q) = -q**3 - 8*q**2 + 5*q - 7. Let n = 2 - -3. Suppose 5*s + 0*z = 4*z - 37, 0 = -n*s + 5*z - 35. Calculate the remainder when u(s) is divided by 16.
13
Let r(i) = 5*i**3 - 5*i**2 + i - 6. Calculate the remainder when r(3) is divided by 11.
10
Let b(j) = j**3 - j**2 - 4. Let v be b(3). Let p(w) = 3*w**2 + 2*w**3 - 3*w + v - 14. Calculate the remainder when p(3) is divided by 15.
12
Let w(r) = 4*r**2 + 27*r + 7. Let b be w(-6). Let h(l) = 2*l**2 - 6*l - 4. Calculate the remainder when h(6) is divided by (-240)/b + -5 + 6/33.
15
Suppose 0 = 2*j - 16 + 10. Suppose 4*i - 54 = 2*b, -2*i + b + j*b + 30 = 0. What is the remainder when i is divided by (-2)/((-8)/(-10))*-2?
3
Calculate the remainder when 93 is divided by 22/77 - (-130)/35.
1
Let m = -11 + 14. Calculate the remainder when (-4 - -68) + (-3)/m is divided by ((-2)/(-4))/(6 - 573/96).
15
Suppose 34*w = -21*w + 2530. Let k(o) = o**3 + 7*o**2 + 6*o + 5. Let h be k(-6). Let a = 18 - h. Calculate the remainder when w is divided by a.
7
Calculate the remainder when (220 - 8)*8/4 is divided by 25.
24
Let r = 52 + -7. Let l = 19 - 8. Let a = 27 - l. What is the remainder when r is divided by a?
13
Let s(v) = -v**2 - 3*v - 16. Let n be s(6). Let q = 105 + n. Calculate the remainder when q is divided by 12.
11
Suppose 11*w - 16*w = 5. Calculate the remainder when (1*(1 + -44))/w is divided by 15.
13
Suppose 3*m - 16 = 26. Let q(y) = -y**3 - 5*y**2 + 6*y + 4. Let c be q(-6). Calculate the remainder when 45 - ((-16)/(-2) - c) is divided by m.
13
Let p = 1035 + -1027. Let u(f) = -6*f + 2. What is the remainder when u(-2) is divided by p?
6
Suppose 0 = -6*m + 3*m + 27. Suppose -10 = -2*q, n = q + 3*q + m. Calculate the remainder when n is divided by 17.
12
Suppose -4*f = 3*l - 262, 0*l + 4*l - 200 = -3*f. Suppose -4*m - 2739*j + 2740*j = -761, -m + 3*j + 204 = 0. Calculate the remainder when m is divided by f.
61
Let y = -183 + 200. What is the remainder when 133 is divided by y?
14
Suppose 4 = 22*n - 21*n. Suppose -2*a + 46 = 3*r, n*r - 40 = -r + 4*a. Calculate the remainder when r is divided by 7.
5
Suppose -h - 4*h = 5*l - 50, -5*l = -4*h + 31. Suppose 2 + h = j. Suppose 5*z - 62 = 3*z. What is the remainder when z is divided by j?
9
Let y(v) = -v. Let f(p) = p**3 + 5*p**2 + 12. Let l be f(-6). Let h be (2 + 0)*12/l. Calculate the remainder when 1 is divided by y(h).
0
Let k(g) = 6*g**2 + 3*g - 1. Let x(r) = 16*r**3 + r**2 - r. Suppose 2 - 6 = 4*u - 2*y, -5*u = -y - 1. What is the remainder when k(2) is divided by x(u)?
13
Let p = -1181 - -1266. What is the remainder when 1444 is divided by p?
84
Suppose -4*i - 2*s + 34 = 0, s + 15 = 4*s. What is the remainder when 59 is divided by 15/i*(2 - -4)?
14
Suppose -9*y = -13*y + 16. Calculate the remainder when 17 is divided by (1/(-2))/(y/(-88)).
6
Let x = 15 - 13. Suppose -3*i + 0*i = x*u - 61, u - 56 = -3*i. Calculate the remainder when (97 + -1)/2 + 1 is divided by i.
15
Let o be (8/(-12))/(2/72). Let x = o - -35. Suppose 0*j - 5*j = -35. What is the remainder when x is divided by j?
4
Let x = 427 - -451. Calculate the remainder when x is divided by 11.
9
Let v(r) = 2*r + 3 + r - 3. Let g be v(1). Suppose -4*f - 2*s + 117 = g*s, -5*f + 3*s = -137. Calculate the remainder when 109 is divided by f.
25
Suppose 6*d - 217 = 5*d - 5*w, -4 = 4*w. What is the remainder when